{"id":217,"date":"2024-04-06T12:48:59","date_gmt":"2024-04-06T12:48:59","guid":{"rendered":"http:\/\/ploming-demo.local\/?page_id=217"},"modified":"2025-09-02T19:06:19","modified_gmt":"2025-09-02T19:06:19","slug":"beton-delme-hizmeti","status":"publish","type":"page","link":"https:\/\/www.barissihhitesisat.com\/index.php\/beton-delme-hizmeti\/","title":{"rendered":"Beton Delme Hizmeti"},"content":{"rendered":"\t\t<div data-elementor-type=\"wp-page\" data-elementor-id=\"217\" class=\"elementor elementor-217\" data-elementor-post-type=\"page\">\n\t\t\t\t<div class=\"elementor-element elementor-element-44171a08 e-flex e-con-boxed e-con e-parent\" data-id=\"44171a08\" data-element_type=\"container\" data-e-type=\"container\">\n\t\t\t\t\t<div class=\"e-con-inner\">\n\t\t<div class=\"elementor-element elementor-element-4b8fe5f1 e-con-full e-flex e-con e-child\" data-id=\"4b8fe5f1\" data-element_type=\"container\" data-e-type=\"container\">\n\t\t\t\t<div class=\"elementor-element elementor-element-2ad0c9da elementor-widget elementor-widget-image\" data-id=\"2ad0c9da\" data-element_type=\"widget\" data-e-type=\"widget\" data-widget_type=\"image.default\">\n\t\t\t\t\t\t\t\t\t\t\t\t\t\t\t<img fetchpriority=\"high\" decoding=\"async\" width=\"770\" height=\"350\" src=\"http:\/\/www.barissihhitesisat.com\/wp-content\/uploads\/2024\/04\/service-d-1-5.jpg\" class=\"attachment-full size-full wp-image-2324\" alt=\"\" srcset=\"http:\/\/www.barissihhitesisat.com\/wp-content\/uploads\/2024\/04\/service-d-1-5.jpg 770w, http:\/\/www.barissihhitesisat.com\/wp-content\/uploads\/2024\/04\/service-d-1-5-570x259.jpg 570w, http:\/\/www.barissihhitesisat.com\/wp-content\/uploads\/2024\/04\/service-d-1-5-300x136.jpg 300w, http:\/\/www.barissihhitesisat.com\/wp-content\/uploads\/2024\/04\/service-d-1-5-768x349.jpg 768w\" sizes=\"(max-width: 770px) 100vw, 770px\" \/>\t\t\t\t\t\t\t\t\t\t\t\t\t\t\t<\/div>\n\t\t\t\t<div class=\"elementor-element elementor-element-5e9a850a elementor-widget elementor-widget-heading\" data-id=\"5e9a850a\" data-element_type=\"widget\" data-e-type=\"widget\" data-widget_type=\"heading.default\">\n\t\t\t\t\t<h3 class=\"elementor-heading-title elementor-size-default\">G\u00fc\u00e7l\u00fc Betonlar\u0131 Hassasiyetle Deliyoruz!<\/h3>\t\t\t\t<\/div>\n\t\t\t\t<div class=\"elementor-element elementor-element-673bc54e elementor-widget elementor-widget-text-editor\" data-id=\"673bc54e\" data-element_type=\"widget\" data-e-type=\"widget\" data-widget_type=\"text-editor.default\">\n\t\t\t\t\t\t\t\t\t<p>\u0130n\u015faat, tadilat veya tesisat projelerinde beton delme i\u015flemi b\u00fcy\u00fck hassasiyet ve do\u011fru ekipman gerektirir.<br data-start=\"460\" data-end=\"463\" \/><strong data-start=\"463\" data-end=\"486\">Bar\u0131\u015f S\u0131hhi Tesisat<\/strong> olarak, <strong data-start=\"495\" data-end=\"536\">profesyonel beton delme makinelerimiz<\/strong> ve deneyimli ekibimizle, <strong data-start=\"562\" data-end=\"628\">yap\u0131n\u0131za zarar vermeden, \u00f6l\u00e7\u00fcye tam uygunlukta delme i\u015flemleri<\/strong> ger\u00e7ekle\u015ftiriyoruz.<\/p>\t\t\t\t\t\t\t\t<\/div>\n\t\t\t\t<div class=\"elementor-element elementor-element-10794760 elementor-widget elementor-widget-heading\" data-id=\"10794760\" data-element_type=\"widget\" data-e-type=\"widget\" data-widget_type=\"heading.default\">\n\t\t\t\t\t<h3 class=\"elementor-heading-title elementor-size-default\">Hangi Durumlarda Beton Delme Hizmeti Veriyoruz?<\/h3>\t\t\t\t<\/div>\n\t\t\t\t<div class=\"elementor-element elementor-element-70be1ae1 elementor-widget elementor-widget-ploming-check-list\" data-id=\"70be1ae1\" data-element_type=\"widget\" data-e-type=\"widget\" data-widget_type=\"ploming-check-list.default\">\n\t\t\t\t<div class=\"elementor-widget-container\">\n\t\t\t\t\t    <!-- Certificate -->\r\n    <ul class=\"service-details__list wow fadeInUp\" data-wow-delay=\"00ms\" data-wow-duration=\"1500ms\">\r\n                    <li>\r\n                <span class=\"service-details__list__icon\">\r\n                    <i aria-hidden=\"true\" class=\"icon-check-box\"><\/i>                <\/span><!-- \/.service-details__list__icon -->\r\n                Klima, do\u011falgaz, havaland\u0131rma ve kombi tesisat\u0131 ge\u00e7i\u015fleri            <\/li>\r\n                    <li>\r\n                <span class=\"service-details__list__icon\">\r\n                    <i aria-hidden=\"true\" class=\"icon-check-box\"><\/i>                <\/span><!-- \/.service-details__list__icon -->\r\n                Elektrik ve su tesisat\u0131 i\u00e7in duvar\/d\u00f6\u015feme delme            <\/li>\r\n                    <li>\r\n                <span class=\"service-details__list__icon\">\r\n                    <i aria-hidden=\"true\" class=\"icon-check-box\"><\/i>                <\/span><!-- \/.service-details__list__icon -->\r\n                At\u0131k su veya kanalizasyon \u00e7\u0131k\u0131\u015f\u0131 i\u00e7in zemin delme            <\/li>\r\n                    <li>\r\n                <span class=\"service-details__list__icon\">\r\n                    <i aria-hidden=\"true\" class=\"icon-check-box\"><\/i>                <\/span><!-- \/.service-details__list__icon -->\r\n                Ankraj, d\u00fcbel, montaj delikleri            <\/li>\r\n            <\/ul><!-- \/.service-details__list -->\r\n\t\t\t\t<\/div>\n\t\t\t\t<\/div>\n\t\t<div class=\"elementor-element elementor-element-35d4934c e-con-full e-flex e-con e-child\" data-id=\"35d4934c\" data-element_type=\"container\" data-e-type=\"container\">\n\t\t<div class=\"elementor-element elementor-element-2af4abd0 e-con-full e-flex e-con e-child\" data-id=\"2af4abd0\" data-element_type=\"container\" data-e-type=\"container\">\n\t\t\t\t<div class=\"elementor-element elementor-element-228232d elementor-widget elementor-widget-image\" data-id=\"228232d\" data-element_type=\"widget\" data-e-type=\"widget\" data-widget_type=\"image.default\">\n\t\t\t\t\t\t\t\t\t\t\t\t\t\t\t<img decoding=\"async\" width=\"770\" height=\"350\" src=\"http:\/\/www.barissihhitesisat.com\/wp-content\/uploads\/2024\/04\/service-d-1-2.jpg\" class=\"attachment-full size-full wp-image-1987\" alt=\"\" srcset=\"http:\/\/www.barissihhitesisat.com\/wp-content\/uploads\/2024\/04\/service-d-1-2.jpg 770w, http:\/\/www.barissihhitesisat.com\/wp-content\/uploads\/2024\/04\/service-d-1-2-570x259.jpg 570w, http:\/\/www.barissihhitesisat.com\/wp-content\/uploads\/2024\/04\/service-d-1-2-300x136.jpg 300w, http:\/\/www.barissihhitesisat.com\/wp-content\/uploads\/2024\/04\/service-d-1-2-768x349.jpg 768w\" sizes=\"(max-width: 770px) 100vw, 770px\" \/>\t\t\t\t\t\t\t\t\t\t\t\t\t\t\t<\/div>\n\t\t\t\t<\/div>\n\t\t<div class=\"elementor-element elementor-element-4c1c99ee e-con-full e-flex e-con e-child\" data-id=\"4c1c99ee\" data-element_type=\"container\" data-e-type=\"container\">\n\t\t\t\t<div class=\"elementor-element elementor-element-c74a7b2 elementor-widget elementor-widget-image\" data-id=\"c74a7b2\" data-element_type=\"widget\" data-e-type=\"widget\" data-widget_type=\"image.default\">\n\t\t\t\t\t\t\t\t\t\t\t\t\t\t\t<img decoding=\"async\" width=\"770\" height=\"350\" src=\"http:\/\/www.barissihhitesisat.com\/wp-content\/uploads\/2024\/04\/service-d-1-3.jpg\" class=\"attachment-full size-full wp-image-1988\" alt=\"\" srcset=\"http:\/\/www.barissihhitesisat.com\/wp-content\/uploads\/2024\/04\/service-d-1-3.jpg 770w, http:\/\/www.barissihhitesisat.com\/wp-content\/uploads\/2024\/04\/service-d-1-3-570x259.jpg 570w, http:\/\/www.barissihhitesisat.com\/wp-content\/uploads\/2024\/04\/service-d-1-3-300x136.jpg 300w, http:\/\/www.barissihhitesisat.com\/wp-content\/uploads\/2024\/04\/service-d-1-3-768x349.jpg 768w\" sizes=\"(max-width: 770px) 100vw, 770px\" \/>\t\t\t\t\t\t\t\t\t\t\t\t\t\t\t<\/div>\n\t\t\t\t<\/div>\n\t\t\t\t<\/div>\n\t\t\t\t<div class=\"elementor-element elementor-element-b926af5 elementor-widget elementor-widget-text-editor\" data-id=\"b926af5\" data-element_type=\"widget\" data-e-type=\"widget\" data-widget_type=\"text-editor.default\">\n\t\t\t\t\t\t\t\t\t<h3 data-start=\"956\" data-end=\"986\">Kulland\u0131\u011f\u0131m\u0131z Y\u00f6ntemler<\/h3><p data-start=\"988\" data-end=\"1097\">Bar\u0131\u015f S\u0131hhi Tesisat olarak, beton delme i\u015flemlerinde <strong data-start=\"1041\" data-end=\"1072\">elmas u\u00e7lu karot makineleri<\/strong> kullan\u0131yor, bu sayede:<\/p><ul data-start=\"1098\" data-end=\"1203\"><li data-start=\"1098\" data-end=\"1131\"><p data-start=\"1100\" data-end=\"1131\">Sessiz ve titre\u015fimsiz \u00e7al\u0131\u015fma<\/p><\/li><li data-start=\"1132\" data-end=\"1160\"><p data-start=\"1134\" data-end=\"1160\">Tozsuz ve minimum pislik<\/p><\/li><li data-start=\"1161\" data-end=\"1203\"><p data-start=\"1163\" data-end=\"1203\">P\u00fcr\u00fczs\u00fcz ve \u00f6l\u00e7\u00fcl\u00fc delikler<br data-start=\"1190\" data-end=\"1193\" \/>sunuyoruz.<\/p><\/li><\/ul>\t\t\t\t\t\t\t\t<\/div>\n\t\t\t\t<div class=\"elementor-element elementor-element-53331246 elementor-widget elementor-widget-ploming-faq\" data-id=\"53331246\" data-element_type=\"widget\" data-e-type=\"widget\" data-widget_type=\"ploming-faq.default\">\n\t\t\t\t<div class=\"elementor-widget-container\">\n\t\t\t\t\t    <!-- Faq Four Start -->\r\n    <div class=\"service-details__faq\">\r\n                <div class=\"faq-accordion ploming-accordion\" data-grp-name=\"ploming-accordion\">\r\n                            <div class=\"accordion active wow fadeInUp\" data-wow-duration=\"1500ms\" data-wow-delay=\"00ms\">\r\n                    <div class=\"accordion-title\">\r\n                        <h4>\r\n                            Hangi B\u00f6lgelerdeyiz?                            <span class=\"accordion-title__icon\"><\/span><!-- \/.accordion-title__icon -->\r\n                        <\/h4>\r\n                    <\/div><!-- \/.accordion-title -->\r\n                    <div class=\"accordion-content\">\r\n                        <div class=\"inner\">\r\n                            <p>\u00d6demi\u015f, Tire, Bay\u0131nd\u0131r, Kiraz, Beyda\u011f, Ku\u015fadas\u0131 ve \u00e7evresindeki t\u00fcm \u015fantiye ve yap\u0131larda h\u0131zl\u0131 ve g\u00fcvenli beton delme hizmeti sunmaktay\u0131z.<\/p>\r\n                        <\/div><!-- \/.inner -->\r\n                    <\/div><!-- \/.accordion-content -->\r\n                <\/div><!-- \/.accordion-item -->\r\n                            <div class=\"accordion  wow fadeInUp\" data-wow-duration=\"1500ms\" data-wow-delay=\"00ms\">\r\n                    <div class=\"accordion-title\">\r\n                        <h4>\r\n                            Neden Bar\u0131\u015f S\u0131hhi Tesisat?                            <span class=\"accordion-title__icon\"><\/span><!-- \/.accordion-title__icon -->\r\n                        <\/h4>\r\n                    <\/div><!-- \/.accordion-title -->\r\n                    <div class=\"accordion-content\">\r\n                        <div class=\"inner\">\r\n                            <p>\u2714\ufe0f 25+ Y\u0131ll\u0131k Tecr\u00fcbe\n\u2714\ufe0f Profesyonel Ekip ve Ekipman\n\u2714\ufe0f Temiz, Hassas ve Hasars\u0131z Delme\n\u2714\ufe0f Uygun Fiyat, Zaman\u0131nda Teslim\n\u2714\ufe0f 7\/24 Ula\u015f\u0131labilirlik<\/p>\r\n                        <\/div><!-- \/.inner -->\r\n                    <\/div><!-- \/.accordion-content -->\r\n                <\/div><!-- \/.accordion-item -->\r\n                            <div class=\"accordion  wow fadeInUp\" data-wow-duration=\"1500ms\" data-wow-delay=\"00ms\">\r\n                    <div class=\"accordion-title\">\r\n                        <h4>\r\n                            Bize Ula\u015f\u0131n, Beton De\u011fil Zaman Delinsin!                            <span class=\"accordion-title__icon\"><\/span><!-- \/.accordion-title__icon -->\r\n                        <\/h4>\r\n                    <\/div><!-- \/.accordion-title -->\r\n                    <div class=\"accordion-content\">\r\n                        <div class=\"inner\">\r\n                            <p>Beton delme i\u015finiz varsa, i\u015finizi riske atmay\u0131n.\nBar\u0131\u015f S\u0131hhi Tesisat olarak sa\u011flam betona de\u011fil, m\u00fckemmel sonuca odaklan\u0131yoruz!<\/p>\r\n                        <\/div><!-- \/.inner -->\r\n                    <\/div><!-- \/.accordion-content -->\r\n                <\/div><!-- \/.accordion-item -->\r\n                    <\/div><!-- \/.faq-accordion -->\r\n    <\/div><!-- \/.service-details__faq -->\r\n    <!-- Faq Four End -->\r\n\r\n\t\t\t\t<\/div>\n\t\t\t\t<\/div>\n\t\t\t\t<\/div>\n\t\t<div class=\"elementor-element elementor-element-75e03249 e-con-full service-sidebar e-flex e-con e-child\" data-id=\"75e03249\" data-element_type=\"container\" data-e-type=\"container\">\n\t\t\t\t<div class=\"elementor-element elementor-element-328f17f5 elementor-widget elementor-widget-sidebar-nav\" data-id=\"328f17f5\" data-element_type=\"widget\" data-e-type=\"widget\" data-widget_type=\"sidebar-nav.default\">\n\t\t\t\t<div class=\"elementor-widget-container\">\n\t\t\t\t\t\r\n    <div class=\"service-sidebar__single wow fadeInRight\" data-wow-duration=\"1500ms\" data-wow-delay=\"00ms\">\r\n                    <ul id=\"menu-service-sidebar-menu\" class=\"list-unstyled service-sidebar__nav ml-0\"><li id=\"menu-item-2029\" class=\"menu-item menu-item-type-post_type menu-item-object-page menu-item-2029\"><a href=\"https:\/\/www.barissihhitesisat.com\/index.php\/kanalizasyonacma\/\">Kanalizasyon A\u00e7ma<\/a><\/li>\n<li id=\"menu-item-2030\" class=\"menu-item menu-item-type-post_type menu-item-object-page menu-item-2030\"><a href=\"https:\/\/www.barissihhitesisat.com\/index.php\/beton-delme-hizmeti\/\">Beton Delme Hizmeti<\/a><\/li>\n<li id=\"menu-item-2031\" class=\"menu-item menu-item-type-post_type menu-item-object-page menu-item-2031\"><a href=\"https:\/\/www.barissihhitesisat.com\/index.php\/tikaniklik-acma-hizmeti\/\">T\u0131kan\u0131kl\u0131k A\u00e7ma Hizmeti<\/a><\/li>\n<li id=\"menu-item-2033\" class=\"menu-item menu-item-type-post_type menu-item-object-page menu-item-2033\"><a href=\"https:\/\/www.barissihhitesisat.com\/index.php\/kamerali-ariza-tespiti\/\">Kameral\u0131 Ar\u0131za Tespiti<\/a><\/li>\n<li id=\"menu-item-2028\" class=\"menu-item menu-item-type-post_type menu-item-object-page menu-item-2028\"><a href=\"https:\/\/www.barissihhitesisat.com\/index.php\/petek-temizleme\/\">Petek Temizleme<\/a><\/li>\n<\/ul>            <\/div><!-- \/.service-sidebar__single -->\r\n\r\n\t\t\t\t<\/div>\n\t\t\t\t<\/div>\n\t\t\t\t<div class=\"elementor-element elementor-element-0b82ae4 elementor-widget elementor-widget-ploming-sidebar-call-to-action\" data-id=\"0b82ae4\" data-element_type=\"widget\" data-e-type=\"widget\" data-widget_type=\"ploming-sidebar-call-to-action.default\">\n\t\t\t\t<div class=\"elementor-widget-container\">\n\t\t\t\t\t\r\n    <div class=\"service-sidebar__contact\" style=\"background-image: url(http:\/\/www.barissihhitesisat.com\/wp-content\/uploads\/2024\/04\/service-contact-bg-1.jpg);\">\r\n        <div class=\"service-sidebar__contact__content\">\r\n            <div class=\"service-sidebar__contact__icon\">\r\n                <i aria-hidden=\"true\" class=\"icon-telephone\"><\/i>            <\/div><!-- \/.service-sidebar__contact__icon -->\r\n            <h3 class=\"service-sidebar__contact__time\">ALO BARI\u015e<\/h3><h3 class=\"service-sidebar__contact__number\"><a href=\"tel:+905535784761\">05535784761<\/a><\/h3>        <\/div><!-- \/.service-sidebar__contact__content -->\r\n    <\/div><!-- \/.service-sidebar__contact -->\r\n\t\t\t\t<\/div>\n\t\t\t\t<\/div>\n\t\t\t\t<div class=\"elementor-element elementor-element-1f9b9dc elementor-widget elementor-widget-sidebar-download\" data-id=\"1f9b9dc\" data-element_type=\"widget\" data-e-type=\"widget\" data-widget_type=\"sidebar-download.default\">\n\t\t\t\t<div class=\"elementor-widget-container\">\n\t\t\t\t\t    <div class=\"service-sidebar__single wow fadeInRight\" data-wow-duration=\"1500ms\" data-wow-delay=\"100ms\">\r\n                    <div class=\"service-sidebar__company\">\r\n                <a href=\"http:\/\/www.barissihhitesisat.com\/\" class=\"service-sidebar__company__btn\">\r\n                    <i aria-hidden=\"true\" class=\"icon-download\"><\/i>                <\/a><!-- \/.service-sidebar__company__btn -->\r\n                <h4 class=\"service-sidebar__company__title\">\r\n                    Kampanyalar\u0131m\u0131z                <\/h4><!-- \/.service-sidebar__company__title -->\r\n            <\/div><!-- \/.service-sidebar__company -->\r\n                    <div class=\"service-sidebar__company\">\r\n                <a href=\"http:\/\/www.barissihhitesisat.com\" class=\"service-sidebar__company__btn\">\r\n                    <i aria-hidden=\"true\" class=\"icon-download\"><\/i>                <\/a><!-- \/.service-sidebar__company__btn -->\r\n                <h4 class=\"service-sidebar__company__title\">\r\n                    El Bro\u015f\u00fcr\u00fc                <\/h4><!-- \/.service-sidebar__company__title -->\r\n            <\/div><!-- \/.service-sidebar__company -->\r\n            <\/div><!-- \/.service-sidebar__single -->\r\n\t\t\t\t<\/div>\n\t\t\t\t<\/div>\n\t\t\t\t<\/div>\n\t\t\t\t\t<\/div>\n\t\t\t\t<\/div>\n\t\t\t\t<\/div>\n\t\t","protected":false},"excerpt":{"rendered":"<p>G\u00fc\u00e7l\u00fc Betonlar\u0131 Hassasiyetle Deliyoruz! \u0130n\u015faat, tadilat veya tesisat projelerinde beton delme i\u015flemi b\u00fcy\u00fck hassasiyet ve do\u011fru ekipman gerektirir.Bar\u0131\u015f S\u0131hhi Tesisat olarak, profesyonel beton delme makinelerimiz ve deneyimli ekibimizle, yap\u0131n\u0131za zarar vermeden, \u00f6l\u00e7\u00fcye tam uygunlukta delme i\u015flemleri ger\u00e7ekle\u015ftiriyoruz. Hangi Durumlarda Beton Delme Hizmeti Veriyoruz? Klima, do\u011falgaz, havaland\u0131rma ve kombi tesisat\u0131 ge\u00e7i\u015fleri Elektrik ve su tesisat\u0131 i\u00e7in [&hellip;]<\/p>\n","protected":false},"author":1,"featured_media":0,"parent":0,"menu_order":0,"comment_status":"closed","ping_status":"closed","template":"elementor_header_footer","meta":{"footnotes":""},"class_list":["post-217","page","type-page","status-publish","hentry"],"_links":{"self":[{"href":"https:\/\/www.barissihhitesisat.com\/index.php\/wp-json\/wp\/v2\/pages\/217","targetHints":{"allow":["GET"]}}],"collection":[{"href":"https:\/\/www.barissihhitesisat.com\/index.php\/wp-json\/wp\/v2\/pages"}],"about":[{"href":"https:\/\/www.barissihhitesisat.com\/index.php\/wp-json\/wp\/v2\/types\/page"}],"author":[{"embeddable":true,"href":"https:\/\/www.barissihhitesisat.com\/index.php\/wp-json\/wp\/v2\/users\/1"}],"replies":[{"embeddable":true,"href":"https:\/\/www.barissihhitesisat.com\/index.php\/wp-json\/wp\/v2\/comments?post=217"}],"version-history":[{"count":5,"href":"https:\/\/www.barissihhitesisat.com\/index.php\/wp-json\/wp\/v2\/pages\/217\/revisions"}],"predecessor-version":[{"id":3961,"href":"https:\/\/www.barissihhitesisat.com\/index.php\/wp-json\/wp\/v2\/pages\/217\/revisions\/3961"}],"wp:attachment":[{"href":"https:\/\/www.barissihhitesisat.com\/index.php\/wp-json\/wp\/v2\/media?parent=217"}],"curies":[{"name":"wp","href":"https:\/\/api.w.org\/{rel}","templated":true}]}}