{"id":3675,"date":"2024-04-06T11:01:41","date_gmt":"2024-04-06T11:01:41","guid":{"rendered":"http:\/\/ploming-demo.local\/?page_id=115"},"modified":"2025-09-02T12:38:15","modified_gmt":"2025-09-02T12:38:15","slug":"about","status":"publish","type":"page","link":"https:\/\/www.barissihhitesisat.com\/index.php\/about\/","title":{"rendered":"Hakk\u0131m\u0131zda"},"content":{"rendered":"\t\t<div data-elementor-type=\"wp-page\" data-elementor-id=\"3675\" class=\"elementor elementor-3675\" data-elementor-post-type=\"page\">\n\t\t\t\t<div class=\"elementor-element elementor-element-4a8e16d e-con-full e-flex e-con e-parent\" data-id=\"4a8e16d\" data-element_type=\"container\" data-e-type=\"container\">\n\t\t\t\t<div class=\"elementor-element elementor-element-e39d501 elementor-widget elementor-widget-ploming-about\" data-id=\"e39d501\" data-element_type=\"widget\" data-e-type=\"widget\" data-widget_type=\"ploming-about.default\">\n\t\t\t\t<div class=\"elementor-widget-container\">\n\t\t\t\t\t\t<!-- About Start -->\r\n\t<section class=\"about-one section-space @@extraClassName\">\r\n\t\t<div class=\"container\">\r\n\t\t\t<div class=\"row gutter-y-60 align-items-center\">\r\n\t\t\t\t<div class=\"col-lg-6 wow fadeInLeft\" data-wow-duration=\"1500ms\" data-wow-delay=\"00ms\">\r\n\t\t\t\t\t<div class=\"about-one__image\">\r\n\t\t\t\t\t\t<div class=\"about-one__image__inner\">\r\n\t\t\t\t\t\t\t<img decoding=\"async\" src=\"https:\/\/www.barissihhitesisat.com\/wp-content\/uploads\/2024\/04\/about-1-1.jpg\" alt=\"about-1-1\" title=\"about-1-1\" class=\"about-one__image__one\" >\t\t\t\t\t\t\t<div class=\"about-one__experience\">\r\n\t\t\t\t\t\t\t\t<div class=\"about-one__experience__left\">\r\n\t\t\t\t\t\t\t\t\t<h3 class=\"about-one__experience__year\">\r\n\t\t\t\t\t\t\t\t\t\t25\t\t\t\t\t\t\t\t\t<\/h3><!-- \/.about-one__experience__year -->\r\n\t\t\t\t\t\t\t\t\t<h4 class=\"about-one__experience__title\">\r\n\t\t\t\t\t\t\t\t\t\tG\u00fcven Veren  <br> Tecr\u00fcbe \u0130le\t\t\t\t\t\t\t\t\t<\/h4>\r\n\t\t\t\t\t\t\t\t\t<!-- \/.about-one__experience__title -->\r\n\t\t\t\t\t\t\t\t<\/div><!-- \/.about-one__experience__left -->\r\n\t\t\t\t\t\t\t\t\t\t\t\t\t\t\t\t\t<div class=\"about-one__experience__right\">\r\n\t\t\t\t\t\t\t\t\t\t<a href=\"https:\/\/www.youtube.com\/watch?v=h9MbznbxlLc\" class=\"about-one__video video-btn video-popup\">\r\n\t\t\t\t\t\t\t\t\t\t\t<i class=\"icon-play\"><\/i>\r\n\t\t\t\t\t\t\t\t\t\t\t<i class=\"video-btn__ripple\"><\/i>\r\n\t\t\t\t\t\t\t\t\t\t<\/a><!-- \/.video-btn -->\r\n\t\t\t\t\t\t\t\t\t<\/div><!-- \/.about-one__experience__right -->\r\n\t\t\t\t\t\t\t\t\t\t\t\t\t\t\t<\/div><!-- \/.about-one__experience -->\r\n\t\t\t\t\t\t<\/div><!-- \/.about-one__image__inner -->\r\n\t\t\t\t\t\t<div class=\"about-one__image__two\">\r\n\t\t\t\t\t\t\t<img decoding=\"async\" src=\"https:\/\/www.barissihhitesisat.com\/wp-content\/uploads\/2024\/04\/about-1-2.jpg\" alt=\"about-1-2\" title=\"about-1-2\" >\t\t\t\t\t\t<\/div><!-- \/.about-one__image__two -->\r\n\t\t\t\t\t<\/div><!-- \/.about-one__image -->\r\n\t\t\t\t<\/div><!-- \/.col-lg-6 -->\r\n\t\t\t\t<div class=\"col-lg-6\">\r\n\t\t\t\t\t<div class=\"about-one__content\">\r\n\t\t\t\t\t\t<div class=\"sec-title @@extraClassName\">\r\n\t\t\t\t\t\t\t<div class=\"sec-title__top\">\r\n\t\t\t\t\t\t\t\t<img decoding=\"async\" src=\"https:\/\/www.barissihhitesisat.com\/wp-content\/uploads\/2024\/04\/sec-title-s-1.png\" alt=\"sec-title-s-1\" title=\"sec-title-s-1\" class=\"sec-title__img\" >\t\t\t\t\t\t\t\t<h6 class=\"sec-title__tagline\">Bar\u0131\u015f S\u0131hhi Tesisat<\/h6>\t\t\t\t\t\t\t<\/div><!-- \/.sec-title__top -->\r\n\t\t\t\t\t\t\t<h3 class=\"sec-title__title\">Hakk\u0131m\u0131zda <br> <\/h3>\t\t\t\t\t\t<\/div><!-- \/.sec-title -->\r\n\t\t\t\t\t\t<p class=\"about-one__text wow fadeInUp\" data-wow-duration=\"1500ms\" data-wow-delay=\"00ms\">\r\n\t\t\t\t\t\t\t\ud83d\udee0\ufe0f Hakk\u0131m\u0131zda \u2013 Bar\u0131\u015f S\u0131hhi Tesisat\n\n25 y\u0131l\u0131 a\u015fk\u0131n tecr\u00fcbemizle, Bar\u0131\u015f S\u0131hhi Tesisat olarak \u00d6demi\u015f merkezli olmak \u00fczere Tire, Bay\u0131nd\u0131r, Kiraz, Beyda\u011f, Ku\u015fadas\u0131 ve \u00e7evresinde hizmet vermekteyiz. Kuruldu\u011fumuz g\u00fcnden bu yana temel prensibimiz; kaliteli, g\u00fcvenilir ve kal\u0131c\u0131 \u00e7\u00f6z\u00fcmler sunmak olmu\u015ftur.\n\nHer ge\u00e7en y\u0131l b\u00fcy\u00fcyen m\u00fc\u015fteri memnuniyeti ve g\u00fcveniyle birlikte, sadece bir \u201ctesisat\u00e7\u0131\u201d de\u011fil, b\u00f6lgenin altyap\u0131, onar\u0131m ve bak\u0131m ihtiya\u00e7lar\u0131na \u00e7\u00f6z\u00fcm \u00fcreten bir hizmet markas\u0131 haline geldik.\n\n\ud83d\udebf Uzmanl\u0131k Alanlar\u0131m\u0131z:\n\nS\u0131hhi Tesisat Kurulumu ve Onar\u0131m\u0131\n\nWC, Lavabo, Kanalizasyon ve T\u0131kan\u0131kl\u0131k A\u00e7ma\n\nKameral\u0131 Ar\u0131za ve Su Ka\u00e7a\u011f\u0131 Tespiti\n\nPetek Temizleme ve Kombi Ka\u00e7ak Bulma\n\nBeton Delme, K\u0131r\u0131m ve Hafriyat \u0130\u015fleri\n\nBina Y\u0131k\u0131m, Bah\u00e7e D\u00fczenleme ve Asfalt \u00c7al\u0131\u015fmalar\u0131\n\nGeli\u015fen teknolojiye ayak uydurarak, kameral\u0131 sistemler, nokta at\u0131\u015f\u0131 ar\u0131za tespiti, \u00e7evre dostu uygulamalar ve h\u0131zl\u0131 servis ekipleri ile \u00e7al\u0131\u015fmalar\u0131m\u0131z\u0131 s\u00fcrd\u00fcr\u00fcyoruz.\n\n\ud83c\udfaf Misyonumuz\n\nM\u00fc\u015fterilerimize; zaman\u0131nda, temiz ve garantili hizmet sunmak.\nSorunun de\u011fil, \u00e7\u00f6z\u00fcm\u00fcn bir par\u00e7as\u0131 olmak.\n\n\ud83d\udc77 Vizyonumuz\n\nEge B\u00f6lgesi'nin tamam\u0131nda, tesisat ve altyap\u0131 hizmetlerinde ilk akla gelen firma olmak.<\/p>\r\n\t\t\t\t\t\t<!-- \/.about-one__text -->\r\n\t\t\t\t\t\t<ul class=\"about-one__list wow fadeInUp\" data-wow-duration=\"1500ms\" data-wow-delay=\"50ms\">\r\n\t\t\t\t\t\t\t\t\t\t\t\t\t\t\t<li>\r\n\t\t\t\t\t\t\t\t\t<span class=\"about-one__list__icon\">\r\n\t\t\t\t\t\t\t\t\t\t<i aria-hidden=\"true\" class=\"icon-check\"><\/i>\t\t\t\t\t\t\t\t\t<\/span><!-- \/.about-one__list__icon -->\r\n\t\t\t\t\t\t\t\t\tKameral\u0131 Ar\u0131za ve Su Ka\u00e7a\u011f\u0131 Tespiti\t\t\t\t\t\t\t\t<\/li>\r\n\t\t\t\t\t\t\t\t\t\t\t\t\t\t\t<li>\r\n\t\t\t\t\t\t\t\t\t<span class=\"about-one__list__icon\">\r\n\t\t\t\t\t\t\t\t\t\t<i aria-hidden=\"true\" class=\"icon-check\"><\/i>\t\t\t\t\t\t\t\t\t<\/span><!-- \/.about-one__list__icon -->\r\n\t\t\t\t\t\t\t\t\tPetek Temizleme ve Kombi Ka\u00e7ak Bulma\t\t\t\t\t\t\t\t<\/li>\r\n\t\t\t\t\t\t\t\t\t\t\t\t\t\t\t<li>\r\n\t\t\t\t\t\t\t\t\t<span class=\"about-one__list__icon\">\r\n\t\t\t\t\t\t\t\t\t\t<i aria-hidden=\"true\" class=\"icon-check\"><\/i>\t\t\t\t\t\t\t\t\t<\/span><!-- \/.about-one__list__icon -->\r\n\t\t\t\t\t\t\t\t\tWC, Lavabo, Kanalizasyon ve T\u0131kan\u0131kl\u0131k A\u00e7ma\t\t\t\t\t\t\t\t<\/li>\r\n\t\t\t\t\t\t\t\t\t\t\t\t\t\t\t<li>\r\n\t\t\t\t\t\t\t\t\t<span class=\"about-one__list__icon\">\r\n\t\t\t\t\t\t\t\t\t\t<i aria-hidden=\"true\" class=\"icon-check\"><\/i>\t\t\t\t\t\t\t\t\t<\/span><!-- \/.about-one__list__icon -->\r\n\t\t\t\t\t\t\t\t\tS\u0131hhi Tesisat Kurulumu ve Onar\u0131m\u0131\t\t\t\t\t\t\t\t<\/li>\r\n\t\t\t\t\t\t\t\t\t\t\t\t\t<\/ul><!-- \/.about-one__list -->\r\n\t\t\t\t\t\t<div class=\"about-one__info wow fadeInUp\" data-wow-duration=\"1500ms\" data-wow-delay=\"100ms\">\r\n\t\t\t\t\t\t\t\t\t\t\t\t\t\t\t<a href=\"http:\/\/www.barissihhitesisat.com\/index.php\/contact-2\/\" class=\"ploming-btn\">\r\n\t\t\t\t\t\t\t\t\t\u0130leti\u015fim\t\t\t\t\t\t\t\t\t<span class=\"ploming-btn__icon\">\r\n\t\t\t\t\t\t\t\t\t\t<i aria-hidden=\"true\" class=\"icon-double-right-arrow\"><\/i>\t\t\t\t\t\t\t\t\t<\/span><!-- \/.ploming-btn__icon -->\r\n\t\t\t\t\t\t\t\t\t<span class=\"ploming-btn__hover-group\">\r\n\t\t\t\t\t\t\t\t\t\t<span class=\"ploming-btn__hover ploming-btn__hover--1\"><\/span>\r\n\t\t\t\t\t\t\t\t\t\t<span class=\"ploming-btn__hover ploming-btn__hover--2\"><\/span>\r\n\t\t\t\t\t\t\t\t\t\t<span class=\"ploming-btn__hover ploming-btn__hover--3\"><\/span>\r\n\t\t\t\t\t\t\t\t\t\t<span class=\"ploming-btn__hover ploming-btn__hover--4\"><\/span>\r\n\t\t\t\t\t\t\t\t\t<\/span><!-- \/.ploming-btn__hover-group -->\r\n\t\t\t\t\t\t\t\t<\/a><!-- \/.ploming-btn -->\r\n\t\t\t\t\t\t\t\t\t\t\t\t\t\t<div class=\"about-one__contact\">\r\n\t\t\t\t\t\t\t\t<span class=\"about-one__contact__icon\">\r\n\t\t\t\t\t\t\t\t\t<i aria-hidden=\"true\" class=\"icon-call-service\"><\/i>\t\t\t\t\t\t\t\t<\/span><!-- \/.about-one__contact__icon -->\r\n\t\t\t\t\t\t\t\t<div class=\"about-one__contact__inner\">\r\n\t\t\t\t\t\t\t\t\t<span class=\"about-one__contact__title\">\r\n\t\t\t\t\t\t\t\t\t\tBir T\u0131k \u00d6tenizde\t\t\t\t\t\t\t\t\t<\/span>\r\n\t\t\t\t\t\t\t\t\t<!-- \/.about-one__contact__title -->\r\n\t\t\t\t\t\t\t\t\t<h4 class=\"about-one__contact__number\"><a href=\"tel:+905535784761\">05535784761<\/a><\/h4>\t\t\t\t\t\t\t\t<\/div><!-- \/.about-one__contact__inner -->\r\n\t\t\t\t\t\t\t<\/div><!-- \/.about-one__contact -->\r\n\t\t\t\t\t\t<\/div><!-- \/.about-one__info -->\r\n\t\t\t\t\t<\/div><!-- \/.about-one__content -->\r\n\t\t\t\t<\/div><!-- \/.col-lg-6 -->\r\n\t\t\t<\/div><!-- \/.row -->\r\n\t\t<\/div><!-- \/.container -->\r\n\t\t<img decoding=\"async\" src=\"https:\/\/www.barissihhitesisat.com\/wp-content\/uploads\/2024\/04\/about-wrench-1-1.png\" alt=\"about-wrench-1-1\" title=\"about-wrench-1-1\" class=\"about-one__wrench\" >\t<\/section><!-- \/.about-one section-space -->\r\n\t<!-- About End -->\r\n\r\n\t\t\t\t<\/div>\n\t\t\t\t<\/div>\n\t\t\t\t<\/div>\n\t\t<div class=\"elementor-element elementor-element-300471b e-con-full e-flex e-con e-parent\" data-id=\"300471b\" data-element_type=\"container\" data-e-type=\"container\">\n\t\t\t\t<div class=\"elementor-element elementor-element-5adcb96 elementor-widget elementor-widget-ploming-counter\" data-id=\"5adcb96\" data-element_type=\"widget\" data-e-type=\"widget\" data-widget_type=\"ploming-counter.default\">\n\t\t\t\t<div class=\"elementor-widget-container\">\n\t\t\t\t\t    <!-- Funfact Style One Start -->\r\n    <section class=\"funfact-one section-space-top\">\r\n        <div class=\"container\">\r\n            <div class=\"row justify-content-center\">\r\n                                    <div class=\"col-xl-3 col-md-6 wow fadeInUp\" data-wow-duration=\"1500ms\" data-wow-delay=\"00ms\">\r\n                        <div class=\"funfact-one__item\">\r\n                            <div class=\"funfact-one__item__content\">\r\n                                <h3 class=\"funfact-one__item__number count-box\">\r\n                                    <span class=\"count-text\" data-stop=\"25\" data-speed=\"1500\"><\/span>\r\n                                                                    <\/h3>\r\n                                <h4 class=\"funfact-one__item__title\">\r\n                                    Y\u0131ll\u0131k Tecr\u00fcbe<\/h4>\r\n                                <!-- \/.funfact-one__item__title -->\r\n                            <\/div><!-- \/.funfact-one__item__content -->\r\n                            <div class=\"funfact-one__item__icon\">\r\n                                <i aria-hidden=\"true\" class=\"funfact-one__icon icon-calendar-2\"><\/i>                            <\/div><!-- \/.funfact-one__item__icon -->\r\n                        <\/div><!-- \/.funfact-one__item -->\r\n                    <\/div><!-- \/.col-xl-3 col-md-6 -->\r\n                                    <div class=\"col-xl-3 col-md-6 wow fadeInUp\" data-wow-duration=\"1500ms\" data-wow-delay=\"00ms\">\r\n                        <div class=\"funfact-one__item\">\r\n                            <div class=\"funfact-one__item__content\">\r\n                                <h3 class=\"funfact-one__item__number count-box\">\r\n                                    <span class=\"count-text\" data-stop=\"19\" data-speed=\"1500\"><\/span>\r\n                                                                            <span>bin<\/span>\r\n                                                                    <\/h3>\r\n                                <h4 class=\"funfact-one__item__title\">\r\n                                    Teslim Edilen \u0130\u015f <\/h4>\r\n                                <!-- \/.funfact-one__item__title -->\r\n                            <\/div><!-- \/.funfact-one__item__content -->\r\n                            <div class=\"funfact-one__item__icon\">\r\n                                <i aria-hidden=\"true\" class=\"funfact-one__icon  icon-support\"><\/i>                            <\/div><!-- \/.funfact-one__item__icon -->\r\n                        <\/div><!-- \/.funfact-one__item -->\r\n                    <\/div><!-- \/.col-xl-3 col-md-6 -->\r\n                                    <div class=\"col-xl-3 col-md-6 wow fadeInUp\" data-wow-duration=\"1500ms\" data-wow-delay=\"00ms\">\r\n                        <div class=\"funfact-one__item\">\r\n                            <div class=\"funfact-one__item__content\">\r\n                                <h3 class=\"funfact-one__item__number count-box\">\r\n                                    <span class=\"count-text\" data-stop=\"20\" data-speed=\"1500\"><\/span>\r\n                                                                            <span>Bin<\/span>\r\n                                                                    <\/h3>\r\n                                <h4 class=\"funfact-one__item__title\">\r\n                                    Mutlu M\u00fc\u015fteri<\/h4>\r\n                                <!-- \/.funfact-one__item__title -->\r\n                            <\/div><!-- \/.funfact-one__item__content -->\r\n                            <div class=\"funfact-one__item__icon\">\r\n                                <i aria-hidden=\"true\" class=\"funfact-one__icon  icon-happy\"><\/i>                            <\/div><!-- \/.funfact-one__item__icon -->\r\n                        <\/div><!-- \/.funfact-one__item -->\r\n                    <\/div><!-- \/.col-xl-3 col-md-6 -->\r\n                                    <div class=\"col-xl-3 col-md-6 wow fadeInUp\" data-wow-duration=\"1500ms\" data-wow-delay=\"00ms\">\r\n                        <div class=\"funfact-one__item\">\r\n                            <div class=\"funfact-one__item__content\">\r\n                                <h3 class=\"funfact-one__item__number count-box\">\r\n                                    <span class=\"count-text\" data-stop=\"15\" data-speed=\"1500\"><\/span>\r\n                                                                            <span>ki\u015fi<\/span>\r\n                                                                    <\/h3>\r\n                                <h4 class=\"funfact-one__item__title\">\r\n                                    Profesyonel Ekip<\/h4>\r\n                                <!-- \/.funfact-one__item__title -->\r\n                            <\/div><!-- \/.funfact-one__item__content -->\r\n                            <div class=\"funfact-one__item__icon\">\r\n                                <i aria-hidden=\"true\" class=\"funfact-one__icon icon-calendar-2\"><\/i>                            <\/div><!-- \/.funfact-one__item__icon -->\r\n                        <\/div><!-- \/.funfact-one__item -->\r\n                    <\/div><!-- \/.col-xl-3 col-md-6 -->\r\n                            <\/div><!-- \/.row -->\r\n        <\/div><!-- \/.container -->\r\n    <\/section><!-- \/.funfact-one section-space-top -->\r\n    <!-- Funfact Style Two Start -->\r\n\t\t\t\t<\/div>\n\t\t\t\t<\/div>\n\t\t\t\t<\/div>\n\t\t<div class=\"elementor-element elementor-element-103b178 e-con-full e-flex e-con e-parent\" data-id=\"103b178\" data-element_type=\"container\" data-e-type=\"container\">\n\t\t\t\t<div class=\"elementor-element elementor-element-41c0a35 elementor-widget elementor-widget-ploming-comparison-slider\" data-id=\"41c0a35\" data-element_type=\"widget\" data-e-type=\"widget\" data-widget_type=\"ploming-comparison-slider.default\">\n\t\t\t\t<div class=\"elementor-widget-container\">\n\t\t\t\t\t    <!--New Concept start-->\r\n    <section class=\"comparison-slider\">\r\n        <div class=\"comparison-slider__wrapper\">\r\n            <div class=\"comparison-slider__overlay\">\u00d6ncesi<\/div>\r\n            <img decoding=\"async\" src=\"https:\/\/www.barissihhitesisat.com\/wp-content\/uploads\/2024\/04\/image-compare-bg-1-1.jpg\" alt=\"image-compare-bg-1-1\" title=\"image-compare-bg-1-1\" >            <div class=\"comparison-slider__resize\">\r\n                <div class=\"comparison-slider__resize__overlay comparison-slider__overlay\">Sonras\u0131<\/div>\r\n                <img decoding=\"async\" src=\"https:\/\/www.barissihhitesisat.com\/wp-content\/uploads\/2024\/04\/image-compare-bg-1-2.jpg\" alt=\"image-compare-bg-1-2\" title=\"image-compare-bg-1-2\" >            <\/div><!-- \/.comparison-slider__resize -->\r\n            <div class=\"comparison-slider__divider\">\r\n                <div class=\"comparison-slider__divider__inner\">\r\n                    <div class=\"comparison-slider__divider__icon-box\">\r\n                        <span class=\"comparison-slider__divider__icon\">\r\n                            <i class=\"icon-left-arrow\"><\/i>\r\n                        <\/span><!-- \/.comparison__cursor__icon -->\r\n                        <span class=\"comparison-slider__divider__text\">DRAG<\/span>\r\n                        <span class=\"comparison-slider__divider__icon\">\r\n                            <i class=\"icon-right-arrow\"><\/i>\r\n                        <\/span><!-- \/.comparison__cursor__icon -->\r\n                    <\/div><!-- \/.comparison-slider__divider__icon-box -->\r\n                <\/div><!-- \/.comparison-slider__divider__inner -->\r\n            <\/div><!-- \/.comparison-slider__divider -->\r\n        <\/div><!-- \/.comparison-slider -->\r\n    <\/section>\r\n    <!--New Concept End-->\r\n\t\t\t\t<\/div>\n\t\t\t\t<\/div>\n\t\t\t\t<\/div>\n\t\t\t\t<\/div>\n\t\t","protected":false},"excerpt":{"rendered":"<p>25 G\u00fcven Veren Tecr\u00fcbe \u0130le Bar\u0131\u015f S\u0131hhi Tesisat Hakk\u0131m\u0131zda \ud83d\udee0\ufe0f Hakk\u0131m\u0131zda \u2013 Bar\u0131\u015f S\u0131hhi Tesisat 25 y\u0131l\u0131 a\u015fk\u0131n tecr\u00fcbemizle, Bar\u0131\u015f S\u0131hhi Tesisat olarak \u00d6demi\u015f merkezli olmak \u00fczere Tire, Bay\u0131nd\u0131r, Kiraz, Beyda\u011f, Ku\u015fadas\u0131 ve \u00e7evresinde hizmet vermekteyiz. Kuruldu\u011fumuz g\u00fcnden bu yana temel prensibimiz; kaliteli, g\u00fcvenilir ve kal\u0131c\u0131 \u00e7\u00f6z\u00fcmler sunmak olmu\u015ftur. Her ge\u00e7en y\u0131l b\u00fcy\u00fcyen m\u00fc\u015fteri memnuniyeti [&hellip;]<\/p>\n","protected":false},"author":1,"featured_media":0,"parent":0,"menu_order":0,"comment_status":"closed","ping_status":"closed","template":"elementor_header_footer","meta":{"footnotes":""},"class_list":["post-3675","page","type-page","status-publish","hentry"],"_links":{"self":[{"href":"https:\/\/www.barissihhitesisat.com\/index.php\/wp-json\/wp\/v2\/pages\/3675","targetHints":{"allow":["GET"]}}],"collection":[{"href":"https:\/\/www.barissihhitesisat.com\/index.php\/wp-json\/wp\/v2\/pages"}],"about":[{"href":"https:\/\/www.barissihhitesisat.com\/index.php\/wp-json\/wp\/v2\/types\/page"}],"author":[{"embeddable":true,"href":"https:\/\/www.barissihhitesisat.com\/index.php\/wp-json\/wp\/v2\/users\/1"}],"replies":[{"embeddable":true,"href":"https:\/\/www.barissihhitesisat.com\/index.php\/wp-json\/wp\/v2\/comments?post=3675"}],"version-history":[{"count":8,"href":"https:\/\/www.barissihhitesisat.com\/index.php\/wp-json\/wp\/v2\/pages\/3675\/revisions"}],"predecessor-version":[{"id":3882,"href":"https:\/\/www.barissihhitesisat.com\/index.php\/wp-json\/wp\/v2\/pages\/3675\/revisions\/3882"}],"wp:attachment":[{"href":"https:\/\/www.barissihhitesisat.com\/index.php\/wp-json\/wp\/v2\/media?parent=3675"}],"curies":[{"name":"wp","href":"https:\/\/api.w.org\/{rel}","templated":true}]}}